What is the hundreds digit of 8613297?
2
What is the thousands digit of 5355581?
5
What is the ten thousands digit of 2119989?
1
What is the thousands digit of 19130142?
0
What is the units digit of 71174?
4
What is the thousands digit of 1432457?
2
What is the hundred thousands digit of 130044?
1
What is the hundreds digit of 553259?
2
What is the millions digit of 9150692?
9
What is the ten thousands digit of 2705617?
0
What is the hundreds digit of 4280116?
1
What is the ten thousands digit of 482002?
8
What is the thousands digit of 103408?
3
What is the tens digit of 8154290?
9
What is the hundreds digit of 2678669?
6
What is the tens digit of 67573?
7
What is the units digit of 164091?
1
What is the thousands digit of 592446?
2
What is the hundreds digit of 801652?
6
What is the thousands digit of 7370726?
0
What is the units digit of 10869972?
2
What is the tens digit of 3313532?
3
What is the hundred thousands digit of 10378626?
3
What is the units digit of 563272?
2
What is the hundreds digit of 203719?
7
What is the hundreds digit of 1278806?
8
What is the tens digit of 5799859?
5
What is the tens digit of 1538684?
8
What is the thousands digit of 4397317?
7
What is the ten thousands digit of 202968?
0
What is the hundreds digit of 301651?
6
What is the ten thousands digit of 4413511?
1
What is the hundreds digit of 14148467?
4
What is the units digit of 3251786?
6
What is the thousands digit of 4115195?
5
What is the ten thousands digit of 697371?
9
What is the units digit of 919259?
9
What is the hundred thousands digit of 1827340?
8
What is the hundreds digit of 16062?
0
What is the units digit of 5220033?
3
What is the hundreds digit of 333792?
7
What is the millions digit of 41279221?
1
What is the thousands digit of 450080?
0
What is the hundred thousands digit of 247273?
2
What is the tens digit of 3618604?
0
What is the hundred thousands digit of 313898?
3
What is the tens digit of 5407287?
8
What is the thousands digit of 1181462?
1
What is the thousands digit of 226924?
6
What is the thousands digit of 2369475?
9
What is the thousands digit of 137167?
7
What is the millions digit of 3091490?
3
What is the hundreds digit of 9856?
8
What is the thousands digit of 1435278?
5
What is the ten thousands digit of 294466?
9
What is the units digit of 12220?
0
What is the tens digit of 1191241?
4
What is the hundreds digit of 2484529?
5
What is the millions digit of 34590511?
4
What is the hundred thousands digit of 190013?
1
What is the thousands digit of 740559?
0
What is the hundreds digit of 10523426?
4
What is the tens digit of 64238?
3
What is the tens digit of 5230743?
4
What is the millions digit of 1554127?
1
What is the tens digit of 2921829?
2
What is the ten millions digit of 27674356?
2
What is the hundred thousands digit of 1796725?
7
What is the tens digit of 4088903?
0
What is the tens digit of 1674530?
3
What is the ten thousands digit of 7719684?
1
What is the tens digit of 173129?
2
What is the units digit of 704540?
0
What is the hundreds digit of 7837763?
7
What is the hundred thousands digit of 197428?
1
What is the units digit of 199637?
7
What is the hundreds digit of 150237?
2
What is the units digit of 54209?
9
What is the thousands digit of 4271022?
1
What is the hundreds digit of 813141?
1
What is the hundreds digit of 17935230?
2
What is the millions digit of 20430588?
0
What is the hundreds digit of 6968778?
7
What is the tens digit of 311660?
6
What is the tens digit of 6821?
2
What is the tens digit of 2651311?
1
What is the thousands digit of 205234?
5
What is the ten thousands digit of 33746?
3
What is the hundreds digit of 399978?
9
What is the ten thousands digit of 13420537?
2
What is the hundred thousands digit of 1086342?
0
What is the ten thousands digit of 337770?
3
What is the ten thousands digit of 25116909?
1
What is the ten thousands digit of 295047?
9
What is the hundreds digit of 3316267?
2
What is the thousands digit of 95898?
5
What is the units digit of 166145?
5
What is the thousands digit of 20537092?
7
What is the hundred thousands digit of 1292986?
2
What is the tens digit of 520777?
7
What is the ten thousands digit of 100388?
0
What is the tens digit of 2061692?
9
What is the units digit of 436270?
0
What is the tens digit of 2848291?
9
What is the ten thousands digit of 548848?
4
What is the hundred thousands digit of 111211?
1
What is the ten thousands digit of 549593?
4
What is the units digit of 6629470?
0
What is the tens digit of 3164447?
4
What is the ten thousands digit of 5928644?
2
What is the units digit of 8418836?
6
What is the ten thousands digit of 2989334?
8
What is the thousands digit of 36939?
6
What is the units digit of 4292263?
3
What is the hundred thousands digit of 6690334?
6
What is the tens digit of 8982043?
4
What is the ten thousands digit of 24280786?
8
What is the tens digit of 16641060?
6
What is the units digit of 1203508?
8
What is the ten thousands digit of 3802910?
0
What is the units digit of 820588?
8
What is the tens digit of 230559?
5
What is the thousands digit of 160204?
0
What is the hundreds digit of 1100618?
6
What is the tens digit of 1421186?
8
What is the ten thousands digit of 90147?
9
What is the tens digit of 3184958?
5
What is the units digit of 109827?
7
What is the millions digit of 1527997?
1
What is the ten thousands digit of 214907?
1
What is the units digit of 84336?
6
What is the millions digit of 1858175?
1
What is the millions digit of 32752741?
2
What is the hundreds digit of 164771?
7
What is the tens digit of 1244510?
1
What is the ten thousands digit of 1148609?
4
What is the hundreds digit of 204157?
1
What is the thousands digit of 1516199?
6
What is the hundred thousands digit of 2153574?
1
What is the hundred thousands digit of 941607?
9
What is the ten thousands digit of 2118177?
1
What is the tens digit of 1387069?
6
What is the units digit of 412934?
4
What is the ten thousands digit of 248458?
4
What is the tens digit of 227394?
9
What is the hundred thousands digit of 385173?
3
What is the tens digit of 589290?
9
What is the tens digit of 163987?
8
What is the hundreds digit of 663917?
9
What is the hundred thousands digit of 341281?
3
What is the hundred thousands digit of 384497?
3
What is the tens digit of 4702332?
3
What is the thousands digit of 1511509?
1
What is the hundreds digit of 564652?
6
What is the tens digit of 6502439?
3
What is the thousands digit of 26491408?
1
What is the hundred thousands digit of 1654850?
6
What is the tens digit of 44699?
9
What is the ten thousands digit of 7471722?
7
What is the hundred thousands digit of 237628?
2
What is the hundreds digit of 53792?
7
What is the hundred thousands digit of 1559772?
5
What is the ten thousands digit of 418771?
1
What is the units digit of 1760648?
8
What is the tens digit of 764015?
1
What is the hundred thousands digit of 229483?
2
What is the tens digit of 61498?
9
What is the hundreds digit of 4012284?
2
What is the ten thousands digit of 6569141?
6
What is the hundreds digit of 770073?
0
What is the thousands digit of 25010511?
0
What is the tens digit of 9438284?
8
What is the units digit of 344042?
2
What is the hundred thousands digit of 688321?
6
What is the hundred thousands digit of 9733507?
7
What is the tens digit of 5418256?
5
What is the hundred thousands digit of 7591791?
5
What is the ten thousands digit of 14938?
1
What is the hundred thousands digit of 5523394?
5
What is the tens digit of 68113?
1
What is the hundreds digit of 144730?
7
What is the thousands digit of 86746?
6
What is the units digit of 230865?
5
What is the ten thousands digit of 4678730?
7
What is the units digit of 26251945?
5
What is the units digit of 708795?
5
What is the tens digit of 307559?
5
What is the units digit of 12678060?
0
What is the ten millions digit of 10758629?
1
What is the hundreds digit of 1010883?
8
What is the hundreds digit of 1884406?
4
What is the hundred thousands digit of 154707?
1
What is the units digit of 6106343?
3
What is the ten thousands digit of 735520?
3
What is the hundreds digit of 9073251?
2
What is the millions digit of 1272503?
1
What is the hundred thousands digit of 6150234?
1
What is the million